
5
Suppose -3168 - 1288 = -182*v - 270. Let m be (-3 - -1) + 1 + 737. What is the highest common factor of v and m?
23
Suppose -29*y + 9680 = 11*y. Calculate the highest common factor of y and 143.
11
Let z = -4193 + 4411. Calculate the highest common divisor of z and 8066.
218
Let f = 452 - 401. What is the highest common divisor of f and 1938?
51
Let y(g) = -g + 17. Let t be y(21). Let u be t - (-6)/((-42)/(-119)). What is the highest common factor of u and 1?
1
Suppose -734*g + 731*g = -3*u - 699, 2*g + 3*u - 426 = 0. What is the greatest common factor of 4575 and g?
75
Let j = -12521 - -12529. Let b(y) = 30*y - 2. Let w be b(3). What is the highest common divisor of w and j?
8
Suppose 4*c - 7153 = -5*b, 8*b - 5*b + 9 = 0. What is the highest common factor of 21 and c?
7
Let v(u) = -u**2 + 3*u. Let m be v(2). Suppose -4*t - 57 = -2*o + t, -5*o + m*t + 174 = 0. What is the highest common divisor of 90 and o?
18
Let r be -10*(-10)/(-50) - -28. What is the highest common divisor of r and 2353?
13
Suppose -39*n - 34*n + 45*n + 261492 = 0. What is the greatest common factor of 22 and n?
11
Suppose 85 = -7*z - 167. Let i = z - -54. Let l be 3 + -2 + 3 + 140. Calculate the greatest common factor of i and l.
18
Let g(o) be the third derivative of 19*o**4/24 + o**3/6 + 85*o**2. Let l be g(5). Calculate the greatest common factor of 224 and l.
32
Suppose 4 = -4*k, -2*k - 444 - 270 = -n. Calculate the greatest common factor of n and 184.
8
Let h = 207 + -186. Suppose -w + h = -19. Calculate the highest common factor of w and 40.
40
Let r be 0 - (-3)/(-3) - -46. Suppose 6*k - 32 = -8. Suppose -4*t + 4*c = -316, -k*c = 5*t - 323 - r. What is the greatest common divisor of 114 and t?
38
Suppose -3*v = 1 - 43. Suppose v*r = -7*r + 4158. Calculate the highest common factor of r and 22.
22
Let d = 31033 - 26016. What is the highest common factor of 87 and d?
29
Let z = 230 + -225. Suppose 925 = 5*h - z*j, 549 = 3*h + 3*j - 0*j. What is the highest common divisor of h and 8?
8
Suppose -24*p = -6*p + 144. Let x be 6/((8/144)/((-2)/p)). What is the highest common factor of 891 and x?
27
Let p(b) = b**2 + 21*b + 84. Let j be p(-14). Let u be ((-1408)/(-44))/((-4)/j). What is the highest common divisor of u and 168?
56
Suppose 9*w = -0*w + 99. Let j(s) = -s**2 - 12*s - 17. Let d be j(-10). Suppose w = g + 5*p, 28 - d = 5*g - 5*p. What is the highest common divisor of g and 8?
2
Let z = 61 + -31. Suppose -8*y = -14*y - 12. Let k be 268/6 - ((-42)/18 - y). What is the highest common divisor of z and k?
15
Suppose 2*y = 4 + 4. Suppose y*b = n + 22, 2*n - 4*n = -b + 2. Suppose 4*f - 5*g + 8*g - 27 = 0, f - 3*g = 3. Calculate the greatest common factor of f and b.
6
Suppose -14*q = -371 - 973. Let n be q/5*140/56. Calculate the highest common divisor of 320 and n.
16
Let p be -1 + 1 - (-100 + 0). Suppose 11*v = 5*f + 8*v - 133, 32*f - 662 = 2*v. What is the highest common factor of f and p?
20
Let p = 32 + -59. Let l = p + 31. Suppose 5*r - l = 76. What is the highest common divisor of r and 8?
8
Let w = 5375 - 5363. What is the highest common factor of w and 87?
3
Let j = 21628 + -16610. What is the greatest common divisor of j and 26?
26
Let d(v) = -2377*v + 9910. Let h be d(4). Calculate the highest common factor of 1273 and h.
67
Suppose 4*u = 4*o - 404, -9*o = -13*o - 3*u + 390. Let v be (22/(0 - -2))/1. What is the greatest common factor of o and v?
11
Let l = 29 + -36. Let m(d) = -4*d + 6. Let i be m(l). Suppose 2618 = -250*t + 257*t. What is the greatest common divisor of t and i?
34
Let o(r) = -r**3 - 49*r**2 - 45*r + 188. Let f be o(-48). Calculate the greatest common factor of 1793 and f.
11
Suppose 5*d - 7*d = 12. Let g be ((-4)/d - (-33)/18)*2. Suppose -g*p + 14*p - 144 = 0. Calculate the highest common divisor of 24 and p.
8
Let h(k) = -k**2 + 13*k - 2. Let w be h(16). Let m = w - -135. Calculate the highest common factor of m and 17.
17
Let q be 102*(-6)/(-180)*15. Let r = 28 - -23. What is the highest common divisor of q and r?
51
Let n = -58 + 170. Suppose -4*a + 1 = -7. Let b be -6*(-2 - a/6). What is the greatest common divisor of n and b?
14
Let d be ((-3)/7*539/(-154))/((-6)/(-128)). Let o be 31 - 2/(-3 + 1). Let y be ((-9)/6)/((-6)/o). What is the greatest common divisor of d and y?
8
Let c = 46 + 505. Calculate the greatest common divisor of c and 377.
29
Let x be (-2 - (-2 - -3) - -2)*-626. Let t = x - 618. Calculate the highest common factor of t and 20.
4
Suppose 20*t - 8*t = 24. Suppose j - t*j = -5*x + 9, 5*j + 2*x + 18 = 0. Let l be (-46)/(-4) - 2/j. What is the highest common factor of 30 and l?
6
Let j = -81 + 136. Let p = 924 + -909. What is the greatest common factor of p and j?
5
Let y = -17 + 11. Let b(g) = -3*g - 16. Let h be b(y). Let t be h/6 - 34/(-6). What is the greatest common divisor of 3 and t?
3
Suppose -3*n - 49*q = -54*q - 240, -5*n - 8*q + 351 = 0. Suppose 2*d - 49 = -f, 2*f - 5*f - 3*d = -141. What is the greatest common factor of f and n?
15
Let w = -6 - -58. Let d be (-4*(-1)/5)/((-7)/(-1575)). Let u = d - 102. What is the greatest common divisor of w and u?
26
Let b(k) = 132*k**2 - 5*k - 4. Suppose -5*p + 4*p + 5*n = 28, -1 = 2*p + n. Let i be b(p). Calculate the greatest common divisor of i and 11.
11
Suppose -444*s = -240*s - 228*s + 12960. What is the greatest common divisor of 4185 and s?
135
Let q(i) be the third derivative of i**6/60 - i**5/20 + 2*i**3/3 + 4*i**2 + 6*i. Let n be q(2). Calculate the greatest common factor of n and 88.
8
Let b(i) = i**3 - 16*i**2 + 52*i + 63. Let d be b(11). Calculate the highest common factor of 625 and d.
5
Let x(j) = -j**3 - 14*j**2 + 4*j - 5. Let l be x(-13). Let o = 239 + l. Calculate the highest common divisor of o and 39.
13
Let h = -10686 - -10561. Let o = 63 - 171. Let f = o - h. What is the greatest common factor of 17 and f?
17
Suppose -360 = 17*d - 21*d. Suppose -4*n + 4*f = -9*n + d, 5*f = -5*n + 90. What is the greatest common factor of 72 and n?
18
Suppose 4*n - 116 = -x, -5*n - 11 = 5*x - 141. Suppose 2*w = 5*g - 632, 4*w + 478 = 4*g - n. What is the highest common divisor of 21 and g?
21
Let h(m) = 1 - 2 + 0 + m. Let r be h(8). What is the greatest common divisor of 112 and r?
7
Suppose -622*h = -629*h + 18753. Calculate the greatest common factor of 171 and h.
57
Let p be 24/36 + 3/9*10. Let u(a) = p + 69*a - 41*a - 1. Let f be u(1). What is the greatest common factor of f and 93?
31
Let h be (-3915)/54*(-8)/10. Suppose 11735 = 39*c - 8623. Calculate the highest common divisor of h and c.
58
Let u(q) = 83 - 171 - 3*q + 90 + 124*q**3. Let h be u(1). Suppose -27 + h = 3*l. Calculate the highest common factor of l and 4.
4
Let c = 2202 + 126. Calculate the highest common divisor of 24 and c.
24
Suppose 0 = 4*j + 8, -2*z - 3*z + j = 878. Let f = z + 300. What is the greatest common divisor of f and 62?
62
Let m(h) = 7*h**3 - 132*h**2 - 10*h - 43. Let j be m(19). What is the highest common divisor of 908 and j?
4
Suppose 23*d = 16*d. Suppose c + 5*c - 630 = d. Calculate the greatest common factor of 15 and c.
15
Suppose -3*y + 173 = -4*g + 214, -2*y + 24 = g. Calculate the highest common factor of 1183 and g.
7
Let k be 32*17/68 + 901. What is the greatest common factor of 101 and k?
101
Let j = 140 + 52. Suppose 13*i = 4*i + 648. What is the highest common divisor of i and j?
24
Suppose -20*w + 16*w = -16. What is the greatest common factor of 15692 and w?
4
Suppose -3 + 31 = 2*f + 4*c, -32 = -f + 4*c. Suppose l + 37*l - 13*l = 8500. What is the highest common factor of l and f?
20
Suppose 8*s - 13594 = -6*s. Suppose -188 + s = 9*z. What is the highest common divisor of 203 and z?
29
Suppose -2*d = -3*u + 29, 0*u = u - 3*d - 19. Suppose u*t = 3*t - 176. Let b = t + 86. Calculate the greatest common factor of b and 21.
21
Suppose 3*m + 40 = 196. Calculate the highest common divisor of 559 and m.
13
Suppose 0 = -0*n - n + 24. Let i be (-363)/(-110) + 1 + (-24)/80. What is the greatest common factor of i and n?
4
Let i be (-1700)/(-8) - 9/6. Let o = i - -68. Let h(l) = -l**3 + l**2 - 5. Let n be h(-3). What is the highest common factor of o and n?
31
Let n(c) = -c**3 + 7*c**2 - 3*c - 3. Let x = 4 + 1. Let o be n(x). Let g = -2668 + 2676. Calculate the highest com